the highest common factor of 8704 and 2975.
17
Calculate the greatest common factor of 2688 and 3486.
42
Calculate the greatest common factor of 13 and 213993.
13
What is the highest common factor of 4657299 and 57?
57
What is the highest common factor of 266912 and 57?
19
Calculate the greatest common divisor of 1514 and 15459454.
1514
Calculate the greatest common divisor of 331566 and 20148.
438
What is the greatest common factor of 38 and 1102?
38
What is the highest common factor of 32 and 1082528?
32
Calculate the greatest common divisor of 2765 and 12719.
553
What is the highest common divisor of 268339 and 2135?
61
What is the highest common factor of 988560 and 10?
10
Calculate the highest common factor of 150 and 44034.
6
Calculate the greatest common divisor of 3133 and 11327.
241
Calculate the highest common factor of 8845 and 7395.
145
What is the highest common divisor of 64616 and 656?
328
Calculate the highest common factor of 67360 and 144.
16
What is the highest common factor of 20046 and 30?
6
What is the highest common factor of 1032 and 124632?
24
Calculate the highest common divisor of 24354 and 88.
22
What is the greatest common factor of 285 and 916560?
285
Calculate the greatest common divisor of 112312 and 6464.
808
Calculate the highest common divisor of 7385 and 526445.
1055
What is the greatest common factor of 305598 and 212?
106
What is the highest common factor of 371013 and 456?
57
Calculate the highest common divisor of 468 and 853476.
156
What is the highest common factor of 10515 and 3810?
15
Calculate the greatest common divisor of 1664 and 1027520.
832
What is the greatest common factor of 19725 and 330?
15
Calculate the greatest common factor of 204 and 223431.
51
What is the greatest common divisor of 182 and 113542?
26
Calculate the greatest common factor of 1209 and 6396.
39
What is the greatest common divisor of 84736 and 2432?
128
Calculate the greatest common divisor of 6045 and 9393.
93
What is the highest common factor of 1500 and 192?
12
What is the greatest common factor of 287 and 333781?
287
What is the highest common factor of 1106385 and 1845?
615
Calculate the greatest common divisor of 6809 and 22.
11
What is the highest common divisor of 350 and 3800?
50
What is the highest common divisor of 27 and 782739?
9
Calculate the highest common factor of 463060 and 2860.
260
Calculate the highest common factor of 931 and 6713.
49
What is the greatest common divisor of 278 and 4184595?
139
What is the greatest common divisor of 210 and 50904?
42
Calculate the highest common factor of 8 and 25988.
4
What is the highest common divisor of 4 and 158?
2
What is the greatest common divisor of 68646 and 1122?
102
What is the greatest common divisor of 501 and 322143?
501
Calculate the highest common divisor of 3294 and 8174.
122
What is the greatest common factor of 11208 and 552?
24
What is the greatest common divisor of 79254 and 56?
14
Calculate the highest common divisor of 7758424 and 1112.
1112
What is the highest common divisor of 40 and 55430?
10
Calculate the greatest common divisor of 42746 and 88682.
638
What is the highest common divisor of 103306 and 112?
14
Calculate the highest common factor of 6944 and 291431.
217
What is the greatest common factor of 8 and 13738?
2
Calculate the highest common factor of 188 and 944.
4
What is the greatest common divisor of 70777 and 7?
7
What is the greatest common divisor of 16613058 and 242?
242
What is the greatest common factor of 4 and 2930?
2
What is the greatest common factor of 2744 and 2324?
28
Calculate the highest common divisor of 71721 and 13.
13
What is the highest common factor of 800814 and 84?
42
What is the greatest common divisor of 36 and 714?
6
What is the highest common factor of 335 and 295135?
335
Calculate the highest common divisor of 5004 and 20572.
556
What is the highest common factor of 1885 and 143?
13
Calculate the highest common divisor of 1773 and 28565.
197
Calculate the greatest common divisor of 7028 and 20582.
502
Calculate the highest common factor of 13272 and 20832.
168
What is the greatest common divisor of 279343 and 1233?
137
Calculate the highest common divisor of 476945 and 70.
35
What is the greatest common factor of 231 and 7658?
7
Calculate the highest common divisor of 21 and 3711015.
21
What is the highest common divisor of 33814 and 7018?
638
What is the highest common factor of 430976 and 39?
13
What is the greatest common factor of 306257 and 469?
469
What is the greatest common factor of 85527 and 68?
17
Calculate the highest common divisor of 2265 and 1222345.
755
Calculate the highest common divisor of 340 and 23477.
17
Calculate the greatest common divisor of 2750 and 97900.
550
What is the highest common factor of 4598 and 5472?
38
Calculate the greatest common factor of 402385 and 4715.
115
What is the highest common divisor of 33 and 40469?
11
What is the greatest common factor of 30 and 55092?
6
What is the highest common divisor of 168 and 814344?
24
Calculate the highest common factor of 3036 and 261558.
66
What is the highest common divisor of 18462 and 2550?
102
Calculate the greatest common divisor of 544 and 595.
17
Calculate the highest common factor of 157 and 4250461.
157
What is the greatest common divisor of 8200 and 902?
82
Calculate the highest common divisor of 6262 and 23432.
202
Calculate the highest common divisor of 62634 and 9438.
858
What is the highest common factor of 445932 and 4212?
108
What is the highest common divisor of 89992 and 504?
56
What is the highest common factor of 2869 and 152963?
151
Calculate the greatest common factor of 117 and 4680.
117
What is the highest common divisor of 54526 and 548?
274
Calculate the highest common divisor of 4352 and 374.
34
Calculate the highest common divisor of 244692 and 7.
7
What is the greatest common factor of 10965 and 172?
43
What is the highest common factor of 104064 and 3?
3
Calculate the greatest common factor of 51195 and 150.
15
Calculate the highest common divisor of 59085 and 27.
9
Calculate the greatest common factor of 140448 and 17822.
266
What is the greatest common factor of 286657 and 651?
217
Calculate the greatest common divisor of 487552 and 4160.
832
Calculate the greatest common divisor of 4730 and 13750.
110
Calculate the highest common factor of 126 and 18744.
6
Calculate the highest common divisor of 396 and 12969.
99
What is the greatest common divisor of 3105 and 17685?
135
What is the greatest common factor of 1810 and 190?
10
Calculate the greatest common divisor of 418895 and 61690.
995
What is the greatest common divisor of 15867 and 1419?
129
What is the highest common factor of 40 and 197140?
20
What is the greatest common divisor of 9367 and 798167?
493
Calculate the highest common factor of 784 and 7658.
14
Calculate the highest common divisor of 66999 and 6831.
69
Calculate the highest common factor of 19512 and 305959.
271
Calculate the greatest common divisor of 8911 and 25527.
67
What is the greatest common divisor of 313805 and 5?
5
Calculate the highest common divisor of 1136 and 2536.
8
What is the greatest common factor of 18193 and 175?
7
What is the highest common factor of 58262 and 2?
2
Calculate the highest common factor of 195 and 295347.
39
Calculate the highest common factor of 528 and 957.
33
What is the greatest common factor of 248015 and 20?
5
Calculate the highest common divisor of 860 and 173505.
215
What is the greatest common factor of 20 and 22370?
10
Calculate the greatest common factor of 192340 and 1304.
652
What is the greatest common factor of 369 and 852759?
369
What is the greatest common factor of 19942 and 312?
26
What is the highest common factor of 164 and 434928?
164
What is the greatest common factor of 140 and 748790?
70
Calculate the greatest common factor of 146816 and 96.
32
What is the highest common divisor of 1914 and 743589?
957
Calculate the highest common factor of 2583 and 747.
9
What is the highest common factor of 998 and 400697?
499
What is the highest common divisor of 93958 and 48272?
862
What is the greatest common divisor of 287100 and 90?
90
Calculate the greatest common divisor of 20 and 1045510.
10
Calculate the highest comm